2100?
2022
In base 10, what is 4 + 1438?
1442
In base 8, what is -5415 - 0?
-5415
In base 8, what is 0 - 345?
-345
In base 2, what is -110110100100010 - -101?
-110110100011101
In base 15, what is 5 - -11?
16
In base 14, what is -2c6 - 0?
-2c6
In base 4, what is 1133 + 310?
2103
In base 12, what is 1b66 - 0?
1b66
In base 13, what is -82 + 107?
55
In base 12, what is -6 - 30?
-36
In base 15, what is -a1 + a?
-96
In base 13, what is -5 - 46?
-4b
In base 15, what is -2d4 + 3?
-2d1
In base 12, what is 4 - -25?
29
In base 2, what is -1 - 10010010?
-10010011
In base 15, what is 2 + 1a?
1c
In base 3, what is -10 - -101011?
101001
In base 15, what is 5 + -23?
-1d
In base 14, what is -6 + 1161?
1159
In base 3, what is 1011 + -11?
1000
In base 10, what is 11 - -12?
23
In base 5, what is 13 + -1021?
-1003
In base 16, what is 3 - -c2c?
c2f
In base 3, what is -2012 - 20?
-2102
In base 3, what is -111 + 1210202?
1210021
In base 10, what is 23 + 0?
23
In base 5, what is -403 + 10?
-343
In base 7, what is 153 + -11?
142
In base 16, what is 0 - 97?
-97
In base 7, what is 131 + 13?
144
In base 2, what is 111111001 - 101?
111110100
In base 2, what is -10 - 11110111?
-11111001
In base 14, what is 1 - -193a?
193b
In base 9, what is -180 + -2?
-182
In base 16, what is 0 - 4fe?
-4fe
In base 7, what is 55 - 11?
44
In base 6, what is 5 - -124?
133
In base 6, what is 4 - -10?
14
In base 2, what is -111110 - 10100110?
-11100100
In base 16, what is -3a + 2?
-38
In base 3, what is -11 + 20?
2
In base 5, what is 24 + -2?
22
In base 13, what is cc - -5?
104
In base 2, what is 101001 + 110010?
1011011
In base 7, what is 213 + 0?
213
In base 10, what is 1 - 4568?
-4567
In base 7, what is 5 + -151?
-143
In base 16, what is -299c + 5?
-2997
In base 8, what is -42 - 34?
-76
In base 7, what is 1630 + 3?
1633
In base 5, what is -2441 + -21?
-3012
In base 9, what is 107 - 360?
-252
In base 7, what is 11314 - 4?
11310
In base 6, what is -104 + -5?
-113
In base 16, what is -b + 0?
-b
In base 3, what is 12 - -10011?
10100
In base 2, what is -11 + 110001001?
110000110
In base 7, what is -3366 + 2?
-3364
In base 16, what is cd3 + 4?
cd7
In base 7, what is 0 - 1203?
-1203
In base 10, what is -567 - -4?
-563
In base 9, what is -3 + -452?
-455
In base 4, what is 101 - 22?
13
In base 12, what is 3b - -41?
80
In base 10, what is -97 + -10?
-107
In base 15, what is -100 + 3?
-ec
In base 4, what is -31 + 123?
32
In base 14, what is -b + -d?
-1a
In base 7, what is -6 - -260?
251
In base 12, what is -1035 + 2?
-1033
In base 3, what is -100211 + -12?
-101000
In base 13, what is -27ca - -2?
-27c8
In base 6, what is -5 - -243?
234
In base 6, what is -12 + 30?
14
In base 14, what is 4 - 68c?
-688
In base 6, what is -5 - -135?
130
In base 12, what is -13 - 11a?
-131
In base 4, what is -1123 - -11?
-1112
In base 4, what is 11 + -221113?
-221102
In base 15, what is -31 + -4?
-35
In base 14, what is -1 - 52?
-53
In base 9, what is -68 - 37?
-116
In base 12, what is -484 + 4?
-480
In base 14, what is -a9 - 4d?
-118
In base 11, what is -10 - -157?
147
In base 2, what is 10 + -11?
-1
In base 9, what is 10 - -334?
344
In base 14, what is 1c7 + -c?
1b9
In base 4, what is 10 - -130?
200
In base 15, what is -12 - 1?
-13
In base 6, what is 2 + -201?
-155
In base 12, what is -2 - 223?
-225
In base 15, what is 34e + -2?
34c
In base 7, what is 11 - 12?
-1
In base 12, what is 4379 + -1?
4378
In base 5, what is 0 - 140?
-140
In base 2, what is -1111110010 - -11?
-1111101111
In base 6, what is 100530 + -5?
100521
In base 15, what is -4 - -36?
32
In base 13, what is 2107 - -2?
2109
In base 2, what is 0 + -1001?
-1001
In base 13, what is -1 - -1058?
1057
In base 13, what is -6 - -46?
40
In base 3, what is -200 - -1101122?
1100222
In base 5, what is 1 + -12131?
-12130
In base 3, what is 0 + -1220?
-1220
In base 9, what is -332 + -8?
-341
In base 9, what is 65 - -3?
68
In base 15, what is 1d - -4?
22
In base 12, what is -304 + -5?
-309
In base 6, what is 10010 - 0?
10010
In base 7, what is -26 - -4?
-22
In base 15, what is 88 - -5?
8d
In base 4, what is 11 + -23020?
-23003
In base 12, what is 5 + -868?
-863
In base 11, what is 166 + 1?
167
In base 9, what is 308 - -1?
310
In base 10, what is -2 - -299?
297
In base 7, what is 221 + 5?
226
In base 2, what is 1101100 + -1?
1101011
In base 8, what is 35 - 1?
34
In base 8, what is -44 - 5?
-51
In base 9, what is -5 - -55?
50
In base 6, what is 2 - -3254?
3300
In base 13, what is 0 - 14?
-14
In base 7, what is 3 + -26?
-23
In base 16, what is -6a + -c9?
-133
In base 7, what is 0 + -52?
-52
In base 6, what is -23 + 5?
-14
In base 8, what is -245 - -20?
-225
In base 6, what is 3 - -412?
415
In base 16, what is 4 + -1033?
-102f
In base 4, what is 330 + -101?
223
In base 14, what is 188 + 0?
188
In base 6, what is 13 + -3?
10
In base 15, what is ba + -1?
b9
In base 2, what is -111 + 1010?
11
In base 14, what is -3 + 11?
c
In base 4, what is 1021001 + -3?
1020332
In base 14, what is -b9b + 0?
-b9b
In base 6, what is 2234 + -2?
2232
In base 12, what is -1 + -142?
-143
In base 8, what is -1 - -4222?
4221
In base 2, what is -110010 - -1011?
-100111
In base 11, what is -799 + 0?
-799
In base 16, what is 4 + 0?
4
In base 12, what is 25 + 9?
32
In base 9, what is -15 + 105?
80
In base 12, what is 1 + 136?
137
In base 16, what is db - 2?
d9
In base 14, what is 4 - 531?
-52b
In base 11, what is -4a5a2 + 3?
-4a59a
In base 14, what is 1 - 2c8?
-2c7
In base 12, what is -4 - 35?
-39
In base 12, what is 58a + 4?
592
In base 13, what is -9 - -18?
c
In base 13, what is 13 + 16?
29
In base 14, what is 0 + -22?
-22
In base 6, what is -13 - -24?
11
In base 6, what is -11 + -4310?
-4321
In base 5, what is -2124 - 2?
-2131
In base 15, what is -5 + 91?
8b
In base 15, what is d + ed?
10b
In base 10, what is -980 + 5?
-975
In base 15, what is 5a - b?
4e
In base 2, what is 0 + -110011101?
-110011101
In base 4, what is -203113 + 0?
-203113
In base 7, what is 4 - 161?
-154
In base 2, what is -101 - -1110011?
1101110
In base 14, what is -5 - -16?
11
In base 15, what is -a - 8?
-13
In base 11, what is 63a + -8?
632
In base 4, what is -10 - -20332?
20322
In base 10, what is 5 + 117?
122
In base 16, what is -1 + -52?
-53
In base 3, what is -11 + 1200102?
1200021
In base 3, what is 120010 + 2?
120012
In base 3, what is 121 - -10100?
10221
In base 2, what is -10111 - -10?
-10101
In base 7, what is -25 - 5?
-33
In base 3, what is 0 - -21200?
21200
In base 6, what is 3 + 442?
445
In base 16, what is -29 + 5?
-24
In base 2, what is 11 + 101100?
101111
In base 6, what is 0 + -2011?
-2011
In base 16, what is e7e - -5?
e83
In base 9, what is 31 - 6?
24
In base 2, what is 1 - -11000101?
11000110
In base 7, what is 2236 - -5?
2244
In base 14, what is -13 - 45?
-58
In base 7, what is 21 + 563?
614
In base 15, what is -1 - -28?
27
In base 3, what is 2100 + -2022?
1
In base 4, what is 123 + -3130?
-3001
In base 6, what is 0 - 15224?
-15224
In base 10, what is 32 + -10?
22
In base 6, what is 2131 - -51?
2222
In base 8, what is 1 + -2065?
-2064
In base 14, what is -5 - -75?
70
In base 7, what is -12 - 1041?
-1053
In base 12, what is -302 - -6?
-2b8
In base 12, what is -4 - -437?
433
In base 12, what is -2 + 1502?
1500
In base 10, what is 223 + 45?
268
In base 12, what is 1 + 1a5?
1a6
In base 15, what is 4 - ea?
-e6
In base 3, what is -1121 - -11121?
10000
In base 9, what is 10806 - -6?
10813
In base 13, what is 1a - -2b?
48
In base 5, what is -204 - -10?
-144
In base 13, what is -10c + 1b?
-c1
In base 9, what is -1 - 182?
-183
In base 13, what is 0 - 15?
-15
In base 5, what is 10 + 4344?
4404
In base 11, what is 46 + -1?
45
In base 6, what is -34301 - 3?
-34304
In base 14, what is -4 - bc?
-c2
In base 6, what is -3222 - 1?
-3223
In base 5, what is -10 + -14?
-24
In base 12, what is -5a8 - -1?
-5a7
In base 12, what is 224 - 0?
224
In base 12, what is 231 + 18?
249
In base 16, what is 3 - -5a?
5d
In base 10, what is -37 - 125?
-162
In base 15, what is 10 + -6?
9
In base 3, what is -10 - 10?
-20
In base 3, what is 11 - 220?
-202
In base 3, what is -112 + 222110?
221221
In base 15, what is 3 - -18?
1b
In base 9, what is -36 + 17?
-18
In base 14, what is 410 - 3?
40b
In base 13, what is 803 - -4?
807
In base 2, what is -100111